{"id":8651,"date":"2020-04-16T20:17:51","date_gmt":"2020-04-16T20:17:51","guid":{"rendered":"http:\/\/www.integrativa.vet.br\/dominios\/?post_type=product&#038;p=8651"},"modified":"2020-08-16T12:47:15","modified_gmt":"2020-08-16T12:47:15","slug":"dominio-quiro-vet-br","status":"publish","type":"product","link":"https:\/\/bibliovet.com.br\/dominios\/produto\/dominio-quiro-vet-br\/","title":{"rendered":"Dom\u00ednio QUIRO.VET.BR"},"content":{"rendered":"<p>O dom\u00ednio QUIRO.VET.BR pode ser muito \u00fatil para m\u00e9dicos-veterin\u00e1rios especializados em quiropraxia e para empresas ligadas ao setor de reabilita\u00e7\u00e3o animal.<\/p>\n<p>A quiropraxia dedica-se ao diagn\u00f3stico, tratamento e preven\u00e7\u00e3o de problemas do sistema neuro-m\u00fasculo-esquel\u00e9tico, ou seja, das articula\u00e7\u00f5es, m\u00fasculos, tend\u00f5es, ossos, nervos e outras estruturas envolvidas no movimento do corpo, bem como os efeitos destas altera\u00e7\u00f5es sobre a sa\u00fade geral.<\/p>\n<p>Na quiropraxia s\u00e3o utilizadas t\u00e9cnicas manuais que buscam ajustar o sistema articular para reduzir o risco de les\u00f5es e diminuir as dores. \u00c9 poss\u00edvel que, durante sess\u00e3o, ocorram pequenos estalos em consequ\u00eancia das manobras que s\u00e3o realizadas para restabelecimento do equil\u00edbrio corporal do paciente.<\/p>\n<p>A transfer\u00eancia de titularidade \u00e9 feita conforme as normas da institui\u00e7\u00e3o que regulamenta os dom\u00ednios de internet no Brasil, o\u00a0<a href=\"https:\/\/registro.br\/ajuda\/procedimentos-administrativos\/alteracao-do-titular\/\" rel=\"noopener\">REGISTRO.BR<\/a>.<\/p>\n","protected":false},"excerpt":{"rendered":"<p>O dom\u00ednio QUIRO.VET.BR pode ser muito \u00fatil para m\u00e9dicos-veterin\u00e1rios especializados em quiropraxia e para empresas ligadas ao setor de reabilita\u00e7\u00e3o animal.<\/p>\n<p>A transfer\u00eancia de titularidade \u00e9 feita conforme as normas da institui\u00e7\u00e3o que regulamenta os dom\u00ednios de internet no Brasil, o\u00a0<a href=\"https:\/\/registro.br\/ajuda\/procedimentos-administrativos\/alteracao-do-titular\/\" rel=\"noopener\">REGISTRO.BR<\/a>.<\/p>\n","protected":false},"featured_media":8693,"template":"","meta":[],"product_cat":[45],"product_tag":[],"_links":{"self":[{"href":"https:\/\/bibliovet.com.br\/dominios\/wp-json\/wp\/v2\/product\/8651"}],"collection":[{"href":"https:\/\/bibliovet.com.br\/dominios\/wp-json\/wp\/v2\/product"}],"about":[{"href":"https:\/\/bibliovet.com.br\/dominios\/wp-json\/wp\/v2\/types\/product"}],"wp:featuredmedia":[{"embeddable":true,"href":"https:\/\/bibliovet.com.br\/dominios\/wp-json\/wp\/v2\/media\/8693"}],"wp:attachment":[{"href":"https:\/\/bibliovet.com.br\/dominios\/wp-json\/wp\/v2\/media?parent=8651"}],"wp:term":[{"taxonomy":"product_cat","embeddable":true,"href":"https:\/\/bibliovet.com.br\/dominios\/wp-json\/wp\/v2\/product_cat?post=8651"},{"taxonomy":"product_tag","embeddable":true,"href":"https:\/\/bibliovet.com.br\/dominios\/wp-json\/wp\/v2\/product_tag?post=8651"}],"curies":[{"name":"wp","href":"https:\/\/api.w.org\/{rel}","templated":true}]}}