{"id":8582,"date":"2020-03-22T15:24:48","date_gmt":"2020-03-22T15:24:48","guid":{"rendered":"http:\/\/www.integrativa.vet.br\/dominios\/?post_type=product&#038;p=8582"},"modified":"2020-08-16T17:06:08","modified_gmt":"2020-08-16T17:06:08","slug":"dominio-cinesioterapia-com-br","status":"publish","type":"product","link":"https:\/\/bibliovet.com.br\/dominios\/produto\/dominio-cinesioterapia-com-br\/","title":{"rendered":"Dom\u00ednio CINESIOTERAPIA.COM.BR"},"content":{"rendered":"<p>O dom\u00ednio CINESIOTERAPIA.COM.BR \u00e9 ideal para profissionais especializados em reabilita\u00e7\u00e3o e fisioterapia ou para empresas que atuam no segmento.<\/p>\n<p><b id=\"yui_3_10_0_1_1584901445951_221\">Cinesioterapia<\/b> \u00e9 um segmento da fisioterapia que se dedica a terapia com movimentos, estes respons\u00e1veis pela reabilita\u00e7\u00e3o de fun\u00e7\u00f5es motoras do corpo. Etimologicamente, <b>cinesioterapia<\/b> teve origem a partir da jun\u00e7\u00e3o das palavras gregas: k\u00ednesis, que significa \u201cmovimento\u201d, e therapeia, que quer dizer \u201cterapia\u201d.<\/p>\n<p>A transfer\u00eancia de titularidade \u00e9 feita conforme as normas da institui\u00e7\u00e3o que regulamenta os dom\u00ednios de internet no Brasil, o\u00a0<a href=\"https:\/\/registro.br\/ajuda\/procedimentos-administrativos\/alteracao-do-titular\/\" rel=\"noopener\">REGISTRO.BR<\/a>.<\/p>\n","protected":false},"excerpt":{"rendered":"<p>O dom\u00ednio CINESIOTERAPIA.COM.BR \u00e9 ideal para profissionais especializados em reabilita\u00e7\u00e3o e fisioterapia ou para empresas que atuam no segmento.<\/p>\n<p>A transfer\u00eancia de titularidade \u00e9 feita conforme as normas da institui\u00e7\u00e3o que regulamenta os dom\u00ednios de internet no Brasil, o\u00a0<a href=\"https:\/\/registro.br\/ajuda\/procedimentos-administrativos\/alteracao-do-titular\/\" rel=\"noopener\">REGISTRO.BR<\/a>.<\/p>\n","protected":false},"featured_media":8694,"template":"","meta":[],"product_cat":[45],"product_tag":[],"_links":{"self":[{"href":"https:\/\/bibliovet.com.br\/dominios\/wp-json\/wp\/v2\/product\/8582"}],"collection":[{"href":"https:\/\/bibliovet.com.br\/dominios\/wp-json\/wp\/v2\/product"}],"about":[{"href":"https:\/\/bibliovet.com.br\/dominios\/wp-json\/wp\/v2\/types\/product"}],"wp:featuredmedia":[{"embeddable":true,"href":"https:\/\/bibliovet.com.br\/dominios\/wp-json\/wp\/v2\/media\/8694"}],"wp:attachment":[{"href":"https:\/\/bibliovet.com.br\/dominios\/wp-json\/wp\/v2\/media?parent=8582"}],"wp:term":[{"taxonomy":"product_cat","embeddable":true,"href":"https:\/\/bibliovet.com.br\/dominios\/wp-json\/wp\/v2\/product_cat?post=8582"},{"taxonomy":"product_tag","embeddable":true,"href":"https:\/\/bibliovet.com.br\/dominios\/wp-json\/wp\/v2\/product_tag?post=8582"}],"curies":[{"name":"wp","href":"https:\/\/api.w.org\/{rel}","templated":true}]}}